{"id":876,"date":"2020-10-26T12:27:33","date_gmt":"2020-10-26T10:27:33","guid":{"rendered":"http:\/\/junkers-stuttgart.de\/?page_id=876"},"modified":"2021-09-08T12:42:35","modified_gmt":"2021-09-08T10:42:35","slug":"job-angebot","status":"publish","type":"page","link":"https:\/\/pfaff-meister.de\/?page_id=876","title":{"rendered":"Job Angebot"},"content":{"rendered":"\n<div class=\"wp-block-image\"><figure class=\"aligncenter size-full\"><a href=\"https:\/\/pfaff-meister.de\/web\/wp-content\/uploads\/2021\/02\/0_Anzeige1_Wir_suchen_einen_Servicetechniker_Pfaff_Backnang.jpg\"><img loading=\"lazy\" decoding=\"async\" width=\"937\" height=\"937\" src=\"https:\/\/pfaff-meister.de\/web\/wp-content\/uploads\/2021\/02\/0_Anzeige1_Wir_suchen_einen_Servicetechniker_Pfaff_Backnang.jpg\" alt=\"\" class=\"wp-image-1205\" srcset=\"https:\/\/pfaff-meister.de\/wp-content\/uploads\/2021\/02\/0_Anzeige1_Wir_suchen_einen_Servicetechniker_Pfaff_Backnang.jpg 937w, https:\/\/pfaff-meister.de\/wp-content\/uploads\/2021\/02\/0_Anzeige1_Wir_suchen_einen_Servicetechniker_Pfaff_Backnang-300x300.jpg 300w, https:\/\/pfaff-meister.de\/wp-content\/uploads\/2021\/02\/0_Anzeige1_Wir_suchen_einen_Servicetechniker_Pfaff_Backnang-150x150.jpg 150w, https:\/\/pfaff-meister.de\/wp-content\/uploads\/2021\/02\/0_Anzeige1_Wir_suchen_einen_Servicetechniker_Pfaff_Backnang-768x768.jpg 768w\" sizes=\"auto, (max-width: 937px) 100vw, 937px\" \/><\/a><\/figure><\/div>\n\n\n\n<p class=\"has-text-align-left has-white-color has-vivid-cyan-blue-background-color has-text-color has-background has-medium-font-size\"><span class=\"has-inline-color has-white-color\">Um jederzeit auf die W\u00fcnsche und Auftr\u00e4ge unserer Kunden reagieren zu k\u00f6nnen, <strong>suchen wir nach Verst\u00e4rkung f\u00fcr unser engagiertes Team<\/strong>. Neben der selbstverst\u00e4ndlichen fachlichen Kompetenz legen wir gro\u00dfen Wert auf ein freundliches und h\u00f6fliches Auftreten unseren Kunden gegen\u00fcber.<\/span><\/p>\n\n\n\n<p class=\"has-background\" style=\"background-color:#00a36c\"><span class=\"has-inline-color has-white-color\">Unten finden Sie unsere aktuellen Stellenangebote. Wenn Sie der Meinung sind, dass Sie unser Team auch in anderer Funktion verst\u00e4rken k\u00f6nnen, sind wir neugierig auf Sie und freuen uns auf Ihre Bewerbungsunterlagen, diese senden Sie einfach per E-Mail an uns zu.<\/span><\/p>\n\n\n\n<div class=\"wp-block-image\"><figure class=\"aligncenter size-full\"><a href=\"https:\/\/pfaff-meister.de\/web\/wp-content\/uploads\/2021\/02\/0_Anzeige_Wir_suchen_einen_Servicetechniker_Pfaff_Backnang.jpg\"><img loading=\"lazy\" decoding=\"async\" width=\"1220\" height=\"735\" src=\"https:\/\/pfaff-meister.de\/web\/wp-content\/uploads\/2021\/02\/0_Anzeige_Wir_suchen_einen_Servicetechniker_Pfaff_Backnang.jpg\" alt=\"\" class=\"wp-image-1203\" srcset=\"https:\/\/pfaff-meister.de\/wp-content\/uploads\/2021\/02\/0_Anzeige_Wir_suchen_einen_Servicetechniker_Pfaff_Backnang.jpg 1220w, https:\/\/pfaff-meister.de\/wp-content\/uploads\/2021\/02\/0_Anzeige_Wir_suchen_einen_Servicetechniker_Pfaff_Backnang-300x181.jpg 300w, https:\/\/pfaff-meister.de\/wp-content\/uploads\/2021\/02\/0_Anzeige_Wir_suchen_einen_Servicetechniker_Pfaff_Backnang-1024x617.jpg 1024w, https:\/\/pfaff-meister.de\/wp-content\/uploads\/2021\/02\/0_Anzeige_Wir_suchen_einen_Servicetechniker_Pfaff_Backnang-768x463.jpg 768w\" sizes=\"auto, (max-width: 1220px) 100vw, 1220px\" \/><\/a><\/figure><\/div>\n\n\n\n<p><\/p>\n\n\n\n<div class=\"wp-block-image\"><figure class=\"aligncenter size-full\"><a href=\"https:\/\/pfaff-meister.de\/web\/wp-content\/uploads\/2021\/01\/0_Logo4_Meister_Pfaff_Backnang-3.jpg\"><img loading=\"lazy\" decoding=\"async\" width=\"1324\" height=\"504\" src=\"https:\/\/pfaff-meister.de\/web\/wp-content\/uploads\/2021\/01\/0_Logo4_Meister_Pfaff_Backnang-3.jpg\" alt=\"\" class=\"wp-image-1198\" srcset=\"https:\/\/pfaff-meister.de\/wp-content\/uploads\/2021\/01\/0_Logo4_Meister_Pfaff_Backnang-3.jpg 1324w, https:\/\/pfaff-meister.de\/wp-content\/uploads\/2021\/01\/0_Logo4_Meister_Pfaff_Backnang-3-300x114.jpg 300w, https:\/\/pfaff-meister.de\/wp-content\/uploads\/2021\/01\/0_Logo4_Meister_Pfaff_Backnang-3-1024x390.jpg 1024w, https:\/\/pfaff-meister.de\/wp-content\/uploads\/2021\/01\/0_Logo4_Meister_Pfaff_Backnang-3-768x292.jpg 768w\" sizes=\"auto, (max-width: 1324px) 100vw, 1324px\" \/><\/a><\/figure><\/div>\n\n\n\n<div class=\"wp-block-image\"><figure class=\"aligncenter size-large is-resized\"><img loading=\"lazy\" decoding=\"async\" src=\"https:\/\/pfaff-meister.de\/web\/wp-content\/uploads\/2020\/10\/0_Logo_Meister_2020_Pfaff_Backnang-4-1024x505.jpg\" alt=\"\" class=\"wp-image-974\" width=\"1024\" height=\"505\" srcset=\"https:\/\/pfaff-meister.de\/wp-content\/uploads\/2020\/10\/0_Logo_Meister_2020_Pfaff_Backnang-4-1024x505.jpg 1024w, https:\/\/pfaff-meister.de\/wp-content\/uploads\/2020\/10\/0_Logo_Meister_2020_Pfaff_Backnang-4-300x148.jpg 300w, https:\/\/pfaff-meister.de\/wp-content\/uploads\/2020\/10\/0_Logo_Meister_2020_Pfaff_Backnang-4-768x379.jpg 768w, https:\/\/pfaff-meister.de\/wp-content\/uploads\/2020\/10\/0_Logo_Meister_2020_Pfaff_Backnang-4.jpg 1498w\" sizes=\"auto, (max-width: 1024px) 100vw, 1024px\" \/><\/figure><\/div>\n","protected":false},"excerpt":{"rendered":"<p>Um jederzeit auf die W\u00fcnsche und Auftr\u00e4ge unserer Kunden reagieren zu k\u00f6nnen, suchen wir nach Verst\u00e4rkung f\u00fcr unser engagiertes Team. Neben der selbstverst\u00e4ndlichen fachlichen Kompetenz legen wir gro\u00dfen Wert auf ein freundliches und h\u00f6fliches Auftreten unseren Kunden gegen\u00fcber. Unten finden Sie unsere aktuellen Stellenangebote. Wenn Sie der Meinung sind, dass Sie unser Team auch in anderer Funktion verst\u00e4rken k\u00f6nnen, sind wir neugierig auf Sie und freuen uns auf Ihre Bewerbungsunterlagen, diese senden Sie einfach per E-Mail an uns zu.<\/p>\n","protected":false},"author":2,"featured_media":0,"parent":0,"menu_order":0,"comment_status":"closed","ping_status":"closed","template":"","meta":{"footnotes":""},"class_list":["post-876","page","type-page","status-publish","hentry"],"_links":{"self":[{"href":"https:\/\/pfaff-meister.de\/index.php?rest_route=\/wp\/v2\/pages\/876","targetHints":{"allow":["GET"]}}],"collection":[{"href":"https:\/\/pfaff-meister.de\/index.php?rest_route=\/wp\/v2\/pages"}],"about":[{"href":"https:\/\/pfaff-meister.de\/index.php?rest_route=\/wp\/v2\/types\/page"}],"author":[{"embeddable":true,"href":"https:\/\/pfaff-meister.de\/index.php?rest_route=\/wp\/v2\/users\/2"}],"replies":[{"embeddable":true,"href":"https:\/\/pfaff-meister.de\/index.php?rest_route=%2Fwp%2Fv2%2Fcomments&post=876"}],"version-history":[{"count":13,"href":"https:\/\/pfaff-meister.de\/index.php?rest_route=\/wp\/v2\/pages\/876\/revisions"}],"predecessor-version":[{"id":1402,"href":"https:\/\/pfaff-meister.de\/index.php?rest_route=\/wp\/v2\/pages\/876\/revisions\/1402"}],"wp:attachment":[{"href":"https:\/\/pfaff-meister.de\/index.php?rest_route=%2Fwp%2Fv2%2Fmedia&parent=876"}],"curies":[{"name":"wp","href":"https:\/\/api.w.org\/{rel}","templated":true}]}}