{"id":47,"date":"2017-06-01T10:39:10","date_gmt":"2017-06-01T10:39:10","guid":{"rendered":"http:\/\/junkers-stuttgart.de\/?page_id=47"},"modified":"2025-04-25T11:17:57","modified_gmt":"2025-04-25T09:17:57","slug":"impressum","status":"publish","type":"page","link":"https:\/\/pfaff-meister.de\/?page_id=47","title":{"rendered":"Impressum"},"content":{"rendered":"<p><span style=\"color: #363837; font-family: Arial;\"><strong>PFAFF-GAS-TECHNIK GMBH<br \/>\n<\/strong><\/span><span style=\"color: #363837; font-family: Arial;\"><strong>Meisterbetrieb f\u00fcr: Gas + Wasser + Heizung<br \/>\n<\/strong><\/span><span style=\"color: #363837; font-family: Arial;\"><strong>Stiftsgrundhof 51<br \/>\n<\/strong><\/span><span style=\"color: #363837; font-family: Arial;\"><strong> 71522 Backnang<\/strong><\/span><\/p>\n<p>Gesch\u00e4ftsf\u00fchrer &amp; alleiniger Gesellschafter: Florian Pfaff<\/p>\n<p>Gerichtsstand: Backnang<\/p>\n<p>HRB: 270782<\/p>\n<p>St. Nr.: 28 51047 \/ 17892<\/p>\n<p>Telefon: 07191 \/ 22063-0<br \/>\nE-Mail: <a href=\"mailto: kundendienst@pfgt.de\"><strong>Kundendienst(at)pfgt(dot)de<\/strong><\/a><br \/>\n<span style=\"font-family: Arial, Verdana, Helvetica, sans-serif;\"><br \/>\n<span style=\"color: #f93e07;\"><strong>Inhaltlich verantwortlicher Domaininhaber:<\/strong><\/span><\/span><\/p>\n<p><strong>Florian Pfaff<br \/>\nStiftsgrundhof 51<br \/>\n71522 Backnang<\/strong><\/p>\n<p>Disclaimer \/ Rechtliches:<\/p>\n<p><b>Urheber- und Kennzeichenrecht:<\/b><br \/>\nDer Autor ist bestrebt, in allen Publikationen die Urheberrechte der verwendeten<br \/>\nGrafiken, Tondokumente, Videosequenzen und Texte zu beachten und anzugeben<br \/>\nbzw. m\u00f6glichst auf lizenzfreie Grafiken, Tondokumente, Videosequenzen und Texte zur\u00fcckzugreifen.<br \/>\nEs wurde sich bem\u00fcht, alle bekannten Quellen und Herkunftsorte der dargestellten<br \/>\nBild- oder Textdokumente kenntlich zu machen.<br \/>\nSollten sich Personen oder Interessengruppen trotz der Quellenangabe<br \/>\nin ihrem Copyright oder Urheberrecht verletzt f\u00fchlen, wird um eine kurze<br \/>\nund problemlose Mail gebeten , nach dessen Eingang<br \/>\nunverz\u00fcglich alle zu beanstandeten Dateien entfernt werden.<br \/>\nAlle innerhalb des Internetangebotes genannten und ggf. durch Dritte gesch\u00fctzten<br \/>\nMarken- und Warenzeichen unterliegen uneingeschr\u00e4nkt den Bestimmungen<br \/>\ndes jeweils g\u00fcltigen Kennzeichenrechts und den Besitzrechten der jeweiligen<br \/>\neingetragenen Eigent\u00fcmer. Allein aufgrund der Verwendung auf dieser<br \/>\nInternetpr\u00e4senz ist nicht der Schlu\u00df zu ziehen, da\u00df die verwendeten Dateien<br \/>\nnicht durch entsprechende Rechte Dritter gesch\u00fctzt sind!<\/p>\n<p><b>Inhalt des Onlineangebotes:<\/b><br \/>\nDer Autor \u00fcbernimmt keinerlei Gew\u00e4hr f\u00fcr die Aktualit\u00e4t,<br \/>\nKorrektheit, Vollst\u00e4ndigkeit oder Qualit\u00e4t der bereitgestellten Informationen.<br \/>\nHaftungsanspr\u00fcche gegen den Autor, welche sich auf Sch\u00e4den<br \/>\nmaterieller oder ideeller Art beziehen, die durch<br \/>\ndie Nutzung oder Nichtnutzung der dargebotenen Informationen<br \/>\nbzw. durch die Nutzung fehlerhafter und unvollst\u00e4ndiger Informationen<br \/>\nverursacht wurden, sind grunds\u00e4tzlich ausgeschlossen,<br \/>\nsofern seitens des Autors kein nachweislich vors\u00e4tzliches<br \/>\noder grob fahrl\u00e4ssiges Verschulden vorliegt.<br \/>\nAlle Angebote sind freibleibend und unverbindlich.<br \/>\nDer Autor beh\u00e4lt es sich ausdr\u00fccklich vor,<br \/>\nTeile der Seiten oder das gesamte Angebot ohne<br \/>\ngesonderte Ank\u00fcndigung zu ver\u00e4ndern, zu erg\u00e4nzen,<br \/>\nzu l\u00f6schen oder die Ver\u00f6ffentlichung zeitweise oder endg\u00fcltig einzustellen.<\/p>\n<p><b>Verweise und Links<br \/>\n<\/b>Bei direkten oder indirekten Verweisen auf fremde Webseiten (&#8222;Hyperlinks&#8220;),<br \/>\ndie au\u00dferhalb des Verantwortungsbereiches des<br \/>\nAutors liegen, w\u00fcrde eine Haftungsverpflichtung<br \/>\nausschlie\u00dflich in dem Fall in Kraft treten, in dem der Autor<br \/>\nvon den Inhalten Kenntnis hat und es ihm technisch m\u00f6glich und zumutbar w\u00e4re,<br \/>\ndie Nutzung im Falle rechtswidriger Inhalte zu verhindern.<br \/>\nDer Autor erkl\u00e4rt hiermit ausdr\u00fccklich,<br \/>\ndass zum Zeitpunkt der Linksetzung keine illegalen<br \/>\nInhalte auf den zu verlinkenden Seiten zu erkennbar waren.<br \/>\nAuf die aktuelle und zuk\u00fcnftige Gestaltung, die Inhalte<br \/>\noder die Urheberschaft der gelinkten\/verkn\u00fcpften Seiten hat der Autor keinerlei Einflu\u00df.<br \/>\nDeshalb distanziert er sich hiermit ausdr\u00fccklich<br \/>\nvon allen Inhalten aller gelinkten \/verkn\u00fcpften Seiten,<br \/>\ndie nach der Linksetzung ver\u00e4ndert wurden.<br \/>\nDiese Feststellung gilt f\u00fcr alle innerhalb des eigenen<br \/>\nInternetangebotes gesetzten Links und Verweise<br \/>\nsowie f\u00fcr Fremdeintr\u00e4ge in vom Autor eingerichteten G\u00e4steb\u00fcchern,<br \/>\nDiskussionsforen und Mailinglisten.<br \/>\nF\u00fcr illegale, fehlerhafte oder unvollst\u00e4ndige Inhalte und<br \/>\ninsbesondere f\u00fcr Sch\u00e4den, die aus der Nutzung oder<br \/>\nNichtnutzung solcherart dargebotener Informationen entstehen,<br \/>\nhaftet allein der Anbieter der Seite, auf welche verwiesen wurde,<br \/>\nnicht derjenige, der \u00fcber Links auf die jeweilige Ver\u00f6ffentlichung lediglich verweist.<\/p>\n<p><b>Datenschutz:<\/b><br \/>\n-&gt; <a href=\"http:\/\/pfaff-meister.de\/page\/datenschutz\/index.html\" target=\"_self\" rel=\"noopener noreferrer\">Datenschutzerkl\u00e4rung<\/a><\/p>\n<p><b>Rechtswirksamkeit dieses Haftungsausschlusses:<br \/>\n<\/b>Dieser Haftungsausschlu\u00df ist als Teil des Internetangebotes zu betrachten,<br \/>\nvon dem aus auf diese Seite verwiesen wurde.<br \/>\nSofern Teile oder einzelne Formulierungen dieses Textes<br \/>\nder geltenden Rechtslage nicht, nicht mehr<br \/>\noder nicht vollst\u00e4ndig entsprechen sollten, bleiben die \u00fcbrigen Teile<br \/>\ndes Dokumentes in ihrem Inhalt und ihrer G\u00fcltigkeit davon unber\u00fchrt.<br \/>\n<b><\/b><\/p>\n<p>Unsere Produktpalette:<\/p>\n<p>Hersteller:<br \/>\nBuderus, elm-leblanc, Graner, Haller-Meurer, Junkers, Juno, Oranier &#8211; Justus, K\u00fcppersbusch, Neff, Seppelfricke, Schrag, Strache, Wamsler, Wikora, Vulkan, Vaillant, Sieger, Olsberg, Rohleder, Viessmann, Kowa, UNIVERSAL, SIT, Sewerin, Ratgeber, Padova, Sortimo, Raaco, Fl\u00fcssiggaszubeh\u00f6r<\/p>\n<p>Kategorien:<br \/>\nGasraumheizer, Gaskombithermen, Durchlauferhitzer, Gaskachelofeneinsatz, Gasherd, Gasheiz &#8211; Koch + Backherd, MESSGER\u00c4TE, RATGEBER, Warmwasserpeicher direkt beheizt, ARBEITSSCHUTZ, VERBRAUCHSMATERIAL, SERVICE KOFFER, Fl\u00fcssigas<\/p>\n<p>Produktgruppen:<br \/>\nAbdeckungen GRH, Abgasdeckel GRH, Abgasklappe KOE, Abgasklappen GRH, Abgasw\u00e4chter GRH, Abgasw\u00e4chter KOE, Abgasw\u00e4chteranschlu\u00dfkabel KOE, Abgaszubeh\u00f6r GRH, Ausdehnungsgef\u00e4\u00df, Begrenzer, Betriebsanzeige GRH, Bimetalle GRH, Brenner, Dichtungen, Dichtungen GRH, Differenzdruckerzeuger, Drehgriffe GRH, Druckschalter, Druckschalter DLE, D\u00fcsen, Elektro- Tableau, Elektroden, Entl\u00fcfter, Erste Hilfe Set, Fernbedienung GRH, Fette, Feuerungsautomat, Fl\u00fcssiggaszubeh\u00f6r, Fl\u00fcssiggaszubeh\u00f6r, Gasanschlu\u00dfrohr GRH, Gasarmaturenblock, Gasregelarmatur KOE, Gasregelarmatur WWS, Gasregelarmaturen GRH, Gassp\u00fcrger\u00e4t , Geh\u00f6rschutz, Griffe K+B, Handschuhe, Hauptbrenner GRH, Hebel\u00fcbertrager, Ionisations\u00fcberw.-Z\u00fcnder KOE, Isolierset, Kabelb\u00e4ume, Klemmschraube GRH, Knieschutz, Kopfbedeckung, Luftklappenmotor, Magneteinsatz, Magneteinsatz GRH, Magnetventil, Microschalter, Mutter GRH, Piezoz\u00fcnder GRH, Platinen, Ratgeber, Regelachsen GRH, Regulierknebel GRH, Regulierstange GRH, Schaugl\u00e4ser GRH, Schauglasplatte GRH, Schauglasrahmen GRH, Schnellentl\u00fcftertopf, Schrauben K+B, Schutzbrille, Seegering GRH, Service Koffer, Sicherheitsventile, Splint GRH, Steuerger\u00e4t KOE, Stopfbuchse, Str\u00f6mungsw\u00e4chter, Thermoelement, Thermoelement KOE, Thermoelement WWS, Thermoelemente GRH, Thermomanometer, Thermostatf\u00fchler, Thermostatf\u00fchler GRH, Thermostatf\u00fchler KOE, Thermostrom &#8211; Unterbrecherkontakt GRH, Thermostrom &#8211; , nterbrecherkontakt KOE, Thermostrom Weiche GRH, Thermostromkabel GRH, \u00dcberwurfschraube GRH, Umstells\u00e4tze (Erdgas\/Fl\u00fcssiggas) GRH, Umw\u00e4lzpumpe, Ventilator (Abgas), W\u00e4rmeaustauscher, Warnschutzweste, Wasserschalter, Zubeh\u00f6r, Zubeh\u00f6r GRH, Z\u00fcndbrenner, Z\u00fcndbrenner GRH, Z\u00fcndbrenner , OE, Z\u00fcndbrenner WWS, Z\u00fcndelektrode DLE, Z\u00fcndelektrode GRH, Z\u00fcndgasd\u00fcsen GRH, Z\u00fcndgasleitung KOE, Z\u00fcndgasleitungen GRH, Z\u00fcndgasverschraubung GRH, Z\u00fcndkabel GRH, Z\u00fcndkabel KOE, Z\u00fcndkerze GRH, Z\u00fcndkerze KOE<\/p>\n","protected":false},"excerpt":{"rendered":"<p>PFAFF-GAS-TECHNIK GMBH Meisterbetrieb f\u00fcr: Gas + Wasser + Heizung Stiftsgrundhof 51 71522 Backnang Gesch\u00e4ftsf\u00fchrer &amp; alleiniger Gesellschafter: Florian Pfaff Gerichtsstand: Backnang HRB: 270782 St. Nr.: 28 51047 \/ 17892 Telefon: 07191 \/ 22063-0 E-Mail: Kundendienst(at)pfgt(dot)de Inhaltlich verantwortlicher Domaininhaber: Florian Pfaff Stiftsgrundhof 51 71522 Backnang Disclaimer \/ Rechtliches: Urheber- und Kennzeichenrecht: Der Autor ist bestrebt, in allen Publikationen die Urheberrechte der verwendeten Grafiken, Tondokumente, Videosequenzen und Texte zu beachten und anzugeben bzw. m\u00f6glichst auf lizenzfreie Grafiken, Tondokumente, Videosequenzen und Texte zur\u00fcckzugreifen. Es wurde sich bem\u00fcht, alle bekannten Quellen und Herkunftsorte der dargestellten Bild- oder Textdokumente kenntlich zu machen. Sollten sich Personen&#8230; <\/p>\n","protected":false},"author":2,"featured_media":0,"parent":0,"menu_order":12,"comment_status":"closed","ping_status":"closed","template":"","meta":{"footnotes":""},"class_list":["post-47","page","type-page","status-publish","hentry"],"_links":{"self":[{"href":"https:\/\/pfaff-meister.de\/index.php?rest_route=\/wp\/v2\/pages\/47","targetHints":{"allow":["GET"]}}],"collection":[{"href":"https:\/\/pfaff-meister.de\/index.php?rest_route=\/wp\/v2\/pages"}],"about":[{"href":"https:\/\/pfaff-meister.de\/index.php?rest_route=\/wp\/v2\/types\/page"}],"author":[{"embeddable":true,"href":"https:\/\/pfaff-meister.de\/index.php?rest_route=\/wp\/v2\/users\/2"}],"replies":[{"embeddable":true,"href":"https:\/\/pfaff-meister.de\/index.php?rest_route=%2Fwp%2Fv2%2Fcomments&post=47"}],"version-history":[{"count":7,"href":"https:\/\/pfaff-meister.de\/index.php?rest_route=\/wp\/v2\/pages\/47\/revisions"}],"predecessor-version":[{"id":1639,"href":"https:\/\/pfaff-meister.de\/index.php?rest_route=\/wp\/v2\/pages\/47\/revisions\/1639"}],"wp:attachment":[{"href":"https:\/\/pfaff-meister.de\/index.php?rest_route=%2Fwp%2Fv2%2Fmedia&parent=47"}],"curies":[{"name":"wp","href":"https:\/\/api.w.org\/{rel}","templated":true}]}}