{"id":159,"date":"2017-07-14T14:00:42","date_gmt":"2017-07-14T13:00:42","guid":{"rendered":"http:\/\/junkers-stuttgart.de\/?page_id=159"},"modified":"2021-09-08T12:47:12","modified_gmt":"2021-09-08T10:47:12","slug":"junkers","status":"publish","type":"page","link":"https:\/\/pfaff-meister.de\/?page_id=159","title":{"rendered":"Junkers"},"content":{"rendered":"\n<div class=\"wp-block-image\"><figure class=\"aligncenter\"><img loading=\"lazy\" decoding=\"async\" width=\"324\" height=\"156\" src=\"http:\/\/pfaff-meister.de\/web\/wp-content\/uploads\/2019\/04\/bosch-junkers.png\" alt=\"\" class=\"wp-image-428\" srcset=\"https:\/\/pfaff-meister.de\/wp-content\/uploads\/2019\/04\/bosch-junkers.png 324w, https:\/\/pfaff-meister.de\/wp-content\/uploads\/2019\/04\/bosch-junkers-300x144.png 300w\" sizes=\"auto, (max-width: 324px) 100vw, 324px\" \/><figcaption>CLASSIC JUNKERS CONTROLS PROGRAMM <br>QUELLE: JUNKERS WERNAU <a href=\"http:\/\/www.bosch-einfach-heizen.de\">http:\/\/www.bosch-einfach-heizen.de<\/a><\/figcaption><\/figure><\/div>\n\n\n\n<div class=\"wp-block-image\"><figure class=\"aligncenter size-large is-resized\"><img loading=\"lazy\" decoding=\"async\" src=\"https:\/\/pfaff-meister.de\/web\/wp-content\/uploads\/2020\/11\/Junkers_GHT_BW_2_Pfaff_Backnang-1024x654.jpg\" alt=\"\" class=\"wp-image-986\" width=\"768\" height=\"491\" srcset=\"https:\/\/pfaff-meister.de\/wp-content\/uploads\/2020\/11\/Junkers_GHT_BW_2_Pfaff_Backnang-1024x654.jpg 1024w, https:\/\/pfaff-meister.de\/wp-content\/uploads\/2020\/11\/Junkers_GHT_BW_2_Pfaff_Backnang-300x192.jpg 300w, https:\/\/pfaff-meister.de\/wp-content\/uploads\/2020\/11\/Junkers_GHT_BW_2_Pfaff_Backnang-768x491.jpg 768w, https:\/\/pfaff-meister.de\/wp-content\/uploads\/2020\/11\/Junkers_GHT_BW_2_Pfaff_Backnang.jpg 1308w\" sizes=\"auto, (max-width: 768px) 100vw, 768px\" \/><figcaption>QUELLE: JUNKERS WERNAU <a href=\"http:\/\/www.bosch-einfach-heizen.de\">http:\/\/www.bosch-einfach-heizen.de<\/a><br><strong>Hierf\u00fcr bieten wir Ihnen: REPARATUR &amp; \u00dcberpr\u00fcfung \/ Inspektion &amp; Wartung \/ Erneuerungen (Auswechslungen) an.<\/strong><\/figcaption><\/figure><\/div>\n\n\n\n<div class=\"wp-block-image\"><figure class=\"aligncenter size-large is-resized\"><img loading=\"lazy\" decoding=\"async\" src=\"https:\/\/pfaff-meister.de\/web\/wp-content\/uploads\/2020\/11\/Junkers_GHT_HW_2_Pfaff_Backnang-1024x619.jpg\" alt=\"\" class=\"wp-image-987\" width=\"768\" height=\"464\" srcset=\"https:\/\/pfaff-meister.de\/wp-content\/uploads\/2020\/11\/Junkers_GHT_HW_2_Pfaff_Backnang-1024x619.jpg 1024w, https:\/\/pfaff-meister.de\/wp-content\/uploads\/2020\/11\/Junkers_GHT_HW_2_Pfaff_Backnang-300x181.jpg 300w, https:\/\/pfaff-meister.de\/wp-content\/uploads\/2020\/11\/Junkers_GHT_HW_2_Pfaff_Backnang-768x464.jpg 768w, https:\/\/pfaff-meister.de\/wp-content\/uploads\/2020\/11\/Junkers_GHT_HW_2_Pfaff_Backnang.jpg 1385w\" sizes=\"auto, (max-width: 768px) 100vw, 768px\" \/><figcaption>QUELLE: JUNKERS WERNAU <a href=\"http:\/\/www.bosch-einfach-heizen.de\/\">http:\/\/www.bosch-einfach-heizen.de<\/a><br><strong>Hierf\u00fcr bieten wir Ihnen: REPARATUR &amp; \u00dcberpr\u00fcfung \/ Inspektion &amp; Wartung \/ Erneuerungen (Auswechslungen) an.<\/strong><\/figcaption><\/figure><\/div>\n\n\n\n<div class=\"wp-block-image\"><figure class=\"aligncenter size-large is-resized\"><img loading=\"lazy\" decoding=\"async\" src=\"https:\/\/pfaff-meister.de\/web\/wp-content\/uploads\/2020\/11\/Junkers_GSS_DLE_2_Pfaff_Backnang-1024x698.jpg\" alt=\"\" class=\"wp-image-988\" width=\"768\" height=\"524\" srcset=\"https:\/\/pfaff-meister.de\/wp-content\/uploads\/2020\/11\/Junkers_GSS_DLE_2_Pfaff_Backnang-1024x698.jpg 1024w, https:\/\/pfaff-meister.de\/wp-content\/uploads\/2020\/11\/Junkers_GSS_DLE_2_Pfaff_Backnang-300x205.jpg 300w, https:\/\/pfaff-meister.de\/wp-content\/uploads\/2020\/11\/Junkers_GSS_DLE_2_Pfaff_Backnang-768x524.jpg 768w, https:\/\/pfaff-meister.de\/wp-content\/uploads\/2020\/11\/Junkers_GSS_DLE_2_Pfaff_Backnang.jpg 1217w\" sizes=\"auto, (max-width: 768px) 100vw, 768px\" \/><figcaption>QUELLE: JUNKERS WERNAU <a href=\"http:\/\/www.bosch-einfach-heizen.de\/\">http:\/\/www.bosch-einfach-heizen.de<\/a><br><strong>Hierf\u00fcr bieten wir Ihnen: REPARATUR &amp; \u00dcberpr\u00fcfung \/ Inspektion &amp; Wartung \/ Erneuerungen (Auswechslungen) an.<\/strong><\/figcaption><\/figure><\/div>\n\n\n\n<h4 class=\"has-vivid-cyan-blue-background-color has-background has-medium-font-size wp-block-heading\"> <span class=\"has-inline-color has-white-color\">UNSER SERVICE F\u00dcR IHRE ZUFRIEDENHEIT.<\/span><\/h4>\n\n\n\n<p class=\"has-pale-pink-background-color has-background has-medium-font-size\"><span class=\"has-inline-color has-white-color\">Unsere SERVICE-TECHNIKER und SPEZIALISTEN stehen Ihnen sehr gerne bei Fragen und Problemen zur Seite \u2013 ob es um Fragen zu den Produkten, Ersatzteilen oder um die Behebung von Problemen geht. Ein Anruf bei unserem Service gen\u00fcgt zur Anfrage. Ben\u00f6tigen Sie einen Vor-Ort-Kundendienst bitten wir Sie uns schriftlich per Briefwurfsendung oder per E-Mail zu beauftragen. <\/span><\/p>\n\n\n\n<p class=\"has-cyan-bluish-gray-color has-luminous-vivid-orange-background-color has-text-color has-background has-medium-font-size\"><span class=\"has-inline-color has-white-color\">Wenn Sie unseren Service kontaktieren, sollten Sie die Daten des Typenschildes bzw. Erzeugnisnummer (E-Nr.) und das Fertigungsdatum (FD) Ihres Ger\u00e4tes zur Hand haben. <\/span><\/p>\n\n\n\n<p class=\"has-vivid-green-cyan-color has-luminous-vivid-amber-background-color has-text-color has-background has-medium-font-size\"><span class=\"has-inline-color has-white-color\">Diese finden Sie auf einem Aufkleber auf Ihrem Ger\u00e4t. <\/span><\/p>\n\n\n\n<p class=\"has-vivid-cyan-blue-background-color has-background has-medium-font-size\"><span class=\"has-inline-color has-white-color\">Vielen Dank f\u00fcr Ihr Vertrauen in unseren Fachbetrieb.<\/span><\/p>\n\n\n\n<figure class=\"wp-block-image\"><img loading=\"lazy\" decoding=\"async\" width=\"936\" height=\"486\" src=\"http:\/\/pfaff-meister.de\/web\/wp-content\/uploads\/2019\/04\/Junkers_Controls_Programm1.png\" alt=\"\" class=\"wp-image-431\" srcset=\"https:\/\/pfaff-meister.de\/wp-content\/uploads\/2019\/04\/Junkers_Controls_Programm1.png 936w, https:\/\/pfaff-meister.de\/wp-content\/uploads\/2019\/04\/Junkers_Controls_Programm1-300x156.png 300w, https:\/\/pfaff-meister.de\/wp-content\/uploads\/2019\/04\/Junkers_Controls_Programm1-768x399.png 768w\" sizes=\"auto, (max-width: 936px) 100vw, 936px\" \/><figcaption>Ersatzteilverkauf diverser Junkers Controls Ersatzteile (teilweise nur im Austausch m\u00f6glich!)<\/figcaption><\/figure>\n\n\n\n<figure class=\"wp-block-image\"><img loading=\"lazy\" decoding=\"async\" width=\"869\" height=\"435\" src=\"http:\/\/pfaff-meister.de\/web\/wp-content\/uploads\/2019\/04\/Junkers_Controls_Programm2.png\" alt=\"\" class=\"wp-image-430\" srcset=\"https:\/\/pfaff-meister.de\/wp-content\/uploads\/2019\/04\/Junkers_Controls_Programm2.png 869w, https:\/\/pfaff-meister.de\/wp-content\/uploads\/2019\/04\/Junkers_Controls_Programm2-300x150.png 300w, https:\/\/pfaff-meister.de\/wp-content\/uploads\/2019\/04\/Junkers_Controls_Programm2-768x384.png 768w\" sizes=\"auto, (max-width: 869px) 100vw, 869px\" \/><figcaption>Reparatur diverser stromloser Junkers Controls Gasregelarmaturen CR 1 + CR2 +CR 3 + CR 6<\/figcaption><\/figure>\n\n\n\n<div class=\"wp-block-image\"><figure class=\"aligncenter size-full\"><a href=\"https:\/\/pfaff-meister.de\/web\/wp-content\/uploads\/2021\/01\/0_Logo4_Meister_Pfaff_Backnang-4.jpg\"><img loading=\"lazy\" decoding=\"async\" width=\"1324\" height=\"504\" src=\"https:\/\/pfaff-meister.de\/web\/wp-content\/uploads\/2021\/01\/0_Logo4_Meister_Pfaff_Backnang-4.jpg\" alt=\"\" class=\"wp-image-1200\" srcset=\"https:\/\/pfaff-meister.de\/wp-content\/uploads\/2021\/01\/0_Logo4_Meister_Pfaff_Backnang-4.jpg 1324w, https:\/\/pfaff-meister.de\/wp-content\/uploads\/2021\/01\/0_Logo4_Meister_Pfaff_Backnang-4-300x114.jpg 300w, https:\/\/pfaff-meister.de\/wp-content\/uploads\/2021\/01\/0_Logo4_Meister_Pfaff_Backnang-4-1024x390.jpg 1024w, https:\/\/pfaff-meister.de\/wp-content\/uploads\/2021\/01\/0_Logo4_Meister_Pfaff_Backnang-4-768x292.jpg 768w\" sizes=\"auto, (max-width: 1324px) 100vw, 1324px\" \/><\/a><\/figure><\/div>\n\n\n\n<p><\/p>\n","protected":false},"excerpt":{"rendered":"<p>UNSER SERVICE F\u00dcR IHRE ZUFRIEDENHEIT. Unsere SERVICE-TECHNIKER und SPEZIALISTEN stehen Ihnen sehr gerne bei Fragen und Problemen zur Seite \u2013 ob es um Fragen zu den Produkten, Ersatzteilen oder um die Behebung von Problemen geht. Ein Anruf bei unserem Service gen\u00fcgt zur Anfrage. Ben\u00f6tigen Sie einen Vor-Ort-Kundendienst bitten wir Sie uns schriftlich per Briefwurfsendung oder per E-Mail zu beauftragen. Wenn Sie unseren Service kontaktieren, sollten Sie die Daten des Typenschildes bzw. Erzeugnisnummer (E-Nr.) und das Fertigungsdatum (FD) Ihres Ger\u00e4tes zur Hand haben. Diese finden Sie auf einem Aufkleber auf Ihrem Ger\u00e4t. Vielen Dank f\u00fcr Ihr Vertrauen in unseren Fachbetrieb.<\/p>\n","protected":false},"author":4,"featured_media":0,"parent":34,"menu_order":0,"comment_status":"closed","ping_status":"closed","template":"","meta":{"footnotes":""},"class_list":["post-159","page","type-page","status-publish","hentry"],"_links":{"self":[{"href":"https:\/\/pfaff-meister.de\/index.php?rest_route=\/wp\/v2\/pages\/159","targetHints":{"allow":["GET"]}}],"collection":[{"href":"https:\/\/pfaff-meister.de\/index.php?rest_route=\/wp\/v2\/pages"}],"about":[{"href":"https:\/\/pfaff-meister.de\/index.php?rest_route=\/wp\/v2\/types\/page"}],"author":[{"embeddable":true,"href":"https:\/\/pfaff-meister.de\/index.php?rest_route=\/wp\/v2\/users\/4"}],"replies":[{"embeddable":true,"href":"https:\/\/pfaff-meister.de\/index.php?rest_route=%2Fwp%2Fv2%2Fcomments&post=159"}],"version-history":[{"count":15,"href":"https:\/\/pfaff-meister.de\/index.php?rest_route=\/wp\/v2\/pages\/159\/revisions"}],"predecessor-version":[{"id":1403,"href":"https:\/\/pfaff-meister.de\/index.php?rest_route=\/wp\/v2\/pages\/159\/revisions\/1403"}],"up":[{"embeddable":true,"href":"https:\/\/pfaff-meister.de\/index.php?rest_route=\/wp\/v2\/pages\/34"}],"wp:attachment":[{"href":"https:\/\/pfaff-meister.de\/index.php?rest_route=%2Fwp%2Fv2%2Fmedia&parent=159"}],"curies":[{"name":"wp","href":"https:\/\/api.w.org\/{rel}","templated":true}]}}